12) - (-1115)/30?
3
Let c = 19 + -16. What is the units digit of c?
3
Let n = -6 + 11. Suppose -4*g = n*d - 19, -7 = -d - d - g. Suppose -4 - 11 = -d*p. What is the units digit of p?
5
Let n = -22 + 43. What is the tens digit of n?
2
Let i = 5 - -21. Let f = i + -8. What is the units digit of f?
8
Let x = -18 - -2. Let b = x - -22. What is the units digit of b?
6
Let b be ((-3)/3 - -4) + 1. Let y(o) = o**2 - o - 2. Let x be y(b). Suppose -d = -3*p + x, -2*d + p + p = 0. What is the units digit of d?
5
Suppose -5*i - 2 = -4*i - b, -10 = -2*i - 5*b. Suppose 15 = 5*k - i*k. What is the units digit of k?
3
Let z = 0 - -40. What is the units digit of z?
0
Let w(t) = t**3 + 4*t**2 + 3. Let c be w(-4). Suppose 4*x - 2 = c*s, 5*s = -0*s + 10. What is the units digit of 25/3 + x/(-6)?
8
Let c be 2 - 1 - (-495)/15. Suppose -3*j + c = -j. What is the tens digit of j?
1
Let x(u) = -u**3 + 5*u**2 - 6*u - 3. Let q be x(5). Let j = q + 59. Suppose j = 3*f - 7. What is the tens digit of f?
1
Let l(b) = b**2 + 4*b - 2. Let n be l(-5). Suppose 0 = 3*a - 15, 2*w + 2*w - n*a - 17 = 0. What is the units digit of w?
8
Suppose 10 = -8*r + 3*r. Let u(f) = -9*f**2 - 2*f + 2. Let g be u(r). Let o = -15 - g. What is the units digit of o?
5
Let v = 13 - 4. Let f = v + -18. Let o = -6 - f. What is the units digit of o?
3
Suppose 2*p = p. Suppose 2*x = -p*x - 14. Let c(h) = -h**2 - 9*h - 8. What is the units digit of c(x)?
6
Suppose 4*b - 2*f = f - 159, -5*b - 194 = f. Let z = b + 65. What is the tens digit of z?
2
Suppose 2*i - 8 = -2*i. Suppose 3*g - 48 = i*g. What is the tens digit of g?
4
Let v(b) be the second derivative of b**5/4 - b**4/6 - b**3/3 - b**2/2 - b. Let y be v(-1). What is the units digit of (-4)/y*(-21)/(-2)?
7
Suppose -3*o = 9 - 24. Suppose -3*d + 5*t - 5 + 1 = 0, -4*t - 15 = -o*d. What is the units digit of d?
7
Let r be 0/1 - 1 - -4. Suppose r*m - 36 = m. What is the units digit of m?
8
Let q = -261 + 416. What is the hundreds digit of q?
1
Let s(u) = -u - 2. Let w be s(-2). Suppose w = -n + 5*o + 2, -2*n + 2 = -n + 2*o. Suppose 6*r - n*r - 16 = 0. What is the units digit of r?
4
Suppose -4*a = -3*a - 11. Let j = -39 - -39. Let g = a - j. What is the tens digit of g?
1
Let z = -14 + 15. Let t(j) = -11*j**2 - 7*j - 5. Let q(c) = 10*c**2 + 6*c + 4. Let x(m) = 6*q(m) + 5*t(m). What is the units digit of x(z)?
5
Let f = 29 + -41. Let n be -6*((-1)/(-3) + 3). Let w = f - n. What is the units digit of w?
8
Suppose 5*n + 205 = -5. Let m = -1 - -2. What is the units digit of (m/3)/((-2)/n)?
7
What is the units digit of 1380/48 - (-2)/8?
9
Let p(a) = a**2 - a. Let z be p(1). Suppose k = 3*k + 2*x - 6, 2*k - 2*x - 10 = z. What is the units digit of k?
4
Let t be ((-1)/(-5))/((-3)/(-15)). Let c(b) = 7*b**2. What is the units digit of c(t)?
7
Let x be (-12 + 11)*(-1 - 2). Suppose -13 = -5*u - k, 3*u - 18 = -u + 3*k. Suppose -x*m - u*q = -18, 5*m + q - 39 = 11. What is the tens digit of m?
1
Let z(u) = u**3 - 2*u**2 - 2*u + 2. Let a be z(2). Let r be (2 + 2)/(a + 1). Let f = 6 + r. What is the units digit of f?
2
Let m = 284 - 153. What is the units digit of m?
1
Let n(b) = -b - 5. Let h be n(-5). Suppose h*r + r = -2. Let i = 5 + r. What is the units digit of i?
3
Let j(f) = 13*f + 18. What is the hundreds digit of j(7)?
1
Suppose 0 = -5*y - 38 + 13. Let o(p) = -p**2 - 5*p + 1. Let c be o(y). What is the units digit of 13 - (3 + -2)*c?
2
Let t(z) = z + 2. Let c be t(3). Let a(q) = q**3 + 2*q**2 + 2*q + 3. Let n be a(c). What is the units digit of (-4)/10 + n/20?
9
Let r(h) = -h**2 - 11*h - 8. Let b be r(-10). What is the units digit of 1/2*8*b?
8
Let z(y) = -63*y - 61. What is the tens digit of z(-6)?
1
Let p be (-1)/(8/(-6) + 1). Let o = 4 - p. Suppose m + o = -0, -5*r = 5*m - 45. What is the units digit of r?
0
Let s(l) be the third derivative of 1/30*l**5 + 1/3*l**3 - 3*l**2 + 0*l + 0 - 5/24*l**4. What is the units digit of s(4)?
4
Let l be -1*1*15/(-3). Let v = l - -4. What is the units digit of v?
9
Let f = 0 + 2. Suppose f*n + 16 = 4*n. What is the units digit of n?
8
Suppose -4*j - 5*x + 129 = 0, x = 2*j + 3*x - 64. What is the tens digit of j?
3
Let j(t) = t**2 + 3*t - 2. Suppose -f + 0*u + 5*u + 12 = 0, u - 6 = 3*f. Let m be j(f). What is the units digit of 1*-2*m/4?
1
Let f be (84/15)/((-1)/5). Let i = 43 + f. What is the tens digit of i?
1
Suppose 7*r + 95 = 12*r. What is the tens digit of r?
1
Let k(i) = 5 - 2*i**2 - 2 + 16*i + 5. What is the units digit of k(8)?
8
Suppose p = -4*z - 1 + 2, 5*p - z + 16 = 0. Let o = p + 6. Suppose 40 = o*i + 2*i. What is the units digit of i?
8
Let n = 3 - -1. Suppose -13 = -n*h + 11. What is the units digit of h?
6
Suppose -46 + 11 = -5*g. Let k be 24/32 + (-61)/(-4). Let x = k - g. What is the units digit of x?
9
Let b = 17 - 15. Let k(d) = d. Let c be k(-3). Let r = b - c. What is the units digit of r?
5
Let m(y) = 2*y**2 - 2*y - 2. Suppose -3*c - q + 9 = 0, 4*c - q - 5 + 0 = 0. Let h be m(c). Suppose -h*o - 2*o = -20. What is the units digit of o?
5
Let g(a) = -3*a + 1. Let c be g(-1). Let v(j) = -j**3 + 6*j**2 - 4*j - 5. What is the units digit of v(c)?
1
Let c = 37 - -3. Let u = -10 - -14. Suppose 0 = z + 3*o - c + 16, u*z - 5*o = 28. What is the units digit of z?
2
Let k be ((-1)/3)/(1/(-6)). Suppose k*z - 3*d + 10 = 0, -3*z + 6*z = -3*d. What is the units digit of (-7)/(-2 + (-2)/z)?
7
Let v(z) = -3*z - z**3 - 2 + 3*z**2 + z**2 + z**2 + 5. What is the units digit of v(2)?
9
Suppose -3*x + 32 = 4*y - 5*y, 4*y - 15 = -x. What is the units digit of x?
1
Let i(k) = k**2 - 1. Let t = -6 + 8. Let x be i(t). Suppose -3*j = x*z - 9, 0 = 2*z - 4*z + 2. What is the units digit of j?
2
Suppose -3*r + 0*r = 0. Suppose 2*p - 3*p = r. Suppose p = -2*v + 10. What is the units digit of v?
5
Let m be 3*(-2)/(-3)*-12. What is the tens digit of (m/14)/((-4)/28)?
1
Let d = -11 + 7. Let t = 5 + d. What is the units digit of t?
1
What is the hundreds digit of -2 + 362 - (-3)/((-9)/6)?
3
Let f = 359 + -157. What is the units digit of f?
2
What is the units digit of 4/32 + (-222)/(-16)?
4
Suppose -c - 3 + 5 = 0, -5*g + 1 = -2*c. Let d = g + 2. What is the units digit of d?
3
Suppose -3*d + n = 0, 4*d + 3*n - 2*n - 7 = 0. Suppose -2*g - 3*c = d, -4*c - 2 = 5*g - 3. Suppose 4*t = 7 + g. What is the units digit of t?
2
Let l(j) = 4*j**3 - j + 1. Let s(z) = 2*z**2 - 4*z + 2. Let o be s(2). What is the tens digit of l(o)?
3
Let c = -40 - -66. What is the tens digit of c?
2
Let n(f) be the first derivative of 4*f**2 - f + 7. What is the units digit of n(1)?
7
Let j(y) be the second derivative of -y**5/20 + 3*y**4/4 + y**3/3 - 5*y**2 + 3*y. What is the units digit of j(9)?
8
Suppose 5*d = x + 18, 5*x + 2 = d + 8. What is the units digit of -3 + x/(2/49)?
6
Let m = -17 - -11. What is the units digit of m/(-8) + (-3)/(-12)?
1
Suppose -3*i - 27 = 2*f, -4*f + 0*f = i + 59. Let m = f - -25. What is the units digit of m?
0
Suppose -78 = -4*m - 10. What is the units digit of m?
7
Let k(o) = 2*o**2 + 7*o - 1. Let f be k(-6). Suppose s + f = 2*s. What is the tens digit of s?
2
Let t(p) = -p. Let w be t(1). Let h be (w - (-4)/2) + 4. Suppose h*g = 8 + 27. What is the units digit of g?
7
Let b(z) = 13*z - 1. Let m(k) = 6*k - 1. Suppose 5 = 2*p - 1. Let c(x) = p*b(x) - 7*m(x). What is the units digit of c(-5)?
9
Suppose -2*q - q + 3 = 0, -5*p = -3*q - 517. What is the units digit of p?
4
Let x(t) = -3*t - 1. Suppose 3*l + l = 4. Suppose 2*k = 3*k + l. What is the units digit of x(k)?
2
Let m be ((-36)/(-27))/((-4)/(-18)). Suppose 5*a - 3*y + m*y = 213, -a - y = -43. What is the units digit of a?
2
Let t = 17 - 12. Suppose 0 = -5*a - t*o + 115, a + 4*a - 2*o = 150. What is the tens digit of a?
2
Let k(l) = 8*l**3 + l**2 + l - 1. Let p be k(1). Suppose -28 = 8*b - p*b. What is the units digit of b?
8
Suppose -o - v + 35 = 4*v, 2*v = 5*o - 94. Let x = o + -9. What is the units digit of x?
1
Let r be 5 + -4*4/8. Suppose -25 = -r*d - 2*d. What is the units digit of d?
5
Suppose 2*v - 10 = 0, -20 = -b - 2*v + 5*v. What is the units digit of b?
5
Let o = -1003 - -429. What is the tens digit of o/(-21) - (-2)/(-6)?
2
Suppose 4*s - 54 = 26. What is the units digit of s?
0
Suppose 121 = 5*x - 54. Let i = x + -9. What is the tens digit of i?
2
Suppose 3*q + 